 common divisor of 20 and g?
4
Let o = -33 - -47. Let l(m) = m**3 + 6*m**2 - m - 4. Let j be l(-6). Suppose -j = h - o. Calculate the greatest common divisor of 96 and h.
12
Let z(x) = x - 16. Let d(w) = w - 16. Let r(q) = -7*d(q) + 6*z(q). Let p be r(-8). Calculate the highest common factor of p and 8.
8
Let q(u) = 26*u - 9. Let v(f) = -52*f + 18. Let k(a) = 9*q(a) + 4*v(a). Let d be k(6). Calculate the greatest common divisor of 21 and d.
21
Let w(u) = u - 1. Let n be w(3). Suppose -n*h - 4*z + 13 + 15 = 0, 66 = 4*h + 3*z. Calculate the greatest common divisor of 162 and h.
18
Let o(k) = -k**3 - 9*k**2 + 9*k. Let f be o(-10). What is the highest common divisor of 20 and f?
10
Let n(d) = -d**3 - 5*d**2 + 2*d + 4. Let p be n(-6). Calculate the highest common factor of 56 and p.
28
Let k = 68 + -33. What is the highest common factor of 5 and k?
5
Suppose -2*x + 18 = 3*x + 2*k, -5*k = -2*x - 16. Let c be x/((2 + 1)/6). Suppose c*t - 165 - 447 = 0. Calculate the highest common factor of 17 and t.
17
Suppose 2*s - 5*n = 19 + 1, 4*s + 5*n - 10 = 0. Let l = -2 + 5. Let v be 77/l + (-4)/6. What is the greatest common divisor of v and s?
5
Suppose -6*d + 2*d + 36 = 0. Suppose 3*t - 4*t + 18 = 0. Calculate the highest common divisor of t and d.
9
Let b(q) = q**3 - 7*q**2 + 9*q - 8. Let x be b(8). Calculate the greatest common factor of x and 8.
8
Let w be 3 + ((-6)/2 - -120). What is the greatest common divisor of 48 and w?
24
Suppose -4*w + 22 = 2*a, -w - 2*a = -5 + 1. Let n = 10 + w. What is the greatest common divisor of 112 and n?
16
Let c = -20 + 54. What is the greatest common divisor of 51 and c?
17
Suppose -2*g - 3*x + 78 = -0*x, -2*g = -3*x - 102. Suppose -264 = 5*u - 14. Let j = -32 - u. What is the greatest common factor of j and g?
9
Suppose -i + 3 = d - 3, -3*d + 5*i - 6 = 0. Let p be d - (-4 - 8/(-4)). What is the highest common factor of p and 5?
5
Suppose 4*a - 4 = 4. Let n be (1 - 2)/((-1)/a). Calculate the highest common factor of 6 and n.
2
Suppose 6*t + 2*s = t + 62, -s - 18 = -t. Calculate the greatest common divisor of t and 42.
14
Suppose c = 5*y + 5, -3*y = 4*c - 22 - 44. Calculate the highest common divisor of 15 and c.
15
Let g = -1065 + 1835. Suppose 2*i - g = -3*i. Suppose -5*h + 67 = -3*s, 3*h - 2*s + 3*s - 43 = 0. Calculate the highest common factor of h and i.
14
Suppose 4 = 3*l - 2. Let g = 5 - l. Suppose 0 = 2*j - 6, -g*j - 123 = -2*c - c. What is the greatest common factor of 4 and c?
4
Suppose 0 = -3*o + 8*o - 135. Let j(k) = k**3 - 9*k**2 + 10*k - 7. Let w be j(8). Calculate the highest common factor of w and o.
9
Let v be (-1)/5 + (-82)/(-10). Let b = 26 - -14. Calculate the highest common divisor of b and v.
8
Suppose 116 = 11*u - 7*u. Calculate the greatest common divisor of u and 87.
29
Suppose 4*w = 3*w + v - 53, v - 4 = 0. Let y = 73 + w. What is the highest common factor of 12 and y?
12
Suppose -8*t - 9*t = -323. Calculate the highest common factor of 76 and t.
19
Let z be (-454)/(-10) + 15/25. Suppose -4*y = -s - z, s + 0 = 2. What is the highest common factor of 60 and y?
12
Let r = 26 - 16. What is the highest common divisor of r and 90?
10
Suppose 4*o - 2 = 22. Let b(g) = g + 8. Let t be b(-6). What is the highest common divisor of o and t?
2
Let f(k) = 11*k**2 - 5*k - 136. Let b(u) = 4*u**2 - 2*u - 45. Let g(z) = 8*b(z) - 3*f(z). Let c be g(0). What is the greatest common divisor of 72 and c?
24
Suppose -30 - 12 = -k. What is the greatest common factor of 7 and k?
7
Suppose 5*n = -13 - 27. Let j = 13 + n. Calculate the greatest common factor of 55 and j.
5
Let f = 11 + -8. Let c = -2 + f. Suppose 3*w = -2*w + 55. What is the highest common divisor of c and w?
1
Let r be (1/(-2)*1)/(11/(-330)). What is the greatest common divisor of 285 and r?
15
Suppose 9*l - 4*l = -3*h + 14, 2*h = -4. Suppose -l*z = -2*t - t + 372, -4*z + 268 = 2*t. What is the highest common divisor of t and 16?
16
Suppose -2*z + 9 = 3. Suppose m + 4 = -z. Let q(h) = h**2 + 3*h - 7. Let t be q(m). Calculate the greatest common divisor of 210 and t.
21
Let s(h) = -h + 11*h + 4 - 1. Let p be s(3). Suppose -5*t = -t - 44. Calculate the highest common divisor of t and p.
11
Let v be (-1 + (-6)/(-9))/(2/(-36)). Let i = 57 + -27. Calculate the highest common divisor of v and i.
6
Suppose 2*z - q = 42, z - 5*q + 8 = 38. Calculate the highest common divisor of 8 and z.
4
Let v = -35 + 39. What is the highest common divisor of 12 and v?
4
Suppose -5*o + 1259 = -3*s, 4*s - 3*s = 5*o - 1263. Let q be (0 + -1)/(1/(-23)). Calculate the highest common divisor of q and o.
23
Let m = -10 + 12. Suppose 180 = m*h + 2*h. Calculate the greatest common factor of h and 15.
15
Let o be (-6 + 3)*10/(-6). Let d(f) = -f**3 + 6*f**2 + 4*f - 3. Let p be d(o). Calculate the highest common divisor of p and 21.
21
Let i(b) = -2*b - 2. Let w be i(-2). Let f be 666/12 - 1/w. Let n = 12 + -7. What is the greatest common divisor of f and n?
5
Suppose -z - 5*z + 42 = 0. What is the greatest common divisor of z and 7?
7
Let i(m) = m**2 + 4*m - 4. Let k be i(-5). Let q(y) = -y**2 + 8*y + 13. Let a be q(9). What is the highest common factor of k and a?
1
Let c = 8 - 7. What is the highest common factor of c and 2?
1
Suppose 38 = 5*z - y, 0 = -2*z + y - 3 + 17. Let n be (1 - 3) + (142 - 0). Suppose -n = -5*g + 140. Calculate the highest common factor of z and g.
8
Suppose -2 = -3*q - 11, -3*b = -5*q - 798. Calculate the highest common factor of 29 and b.
29
Let n be ((-3)/6)/((-2)/(0 + 64)). What is the greatest common divisor of 1 and n?
1
Suppose -4*c = -5*m + 24, -m = -2*m - 4*c + 24. What is the highest common divisor of 4 and m?
4
Let y be (3/9)/(1/(-69)). Let h = -17 - y. Calculate the greatest common factor of 3 and h.
3
Suppose 10 - 710 = -5*j. What is the greatest common divisor of j and 28?
28
Let h = 5 + -3. Suppose 2*m - 3*y = 26, -5*m + 67 - 13 = -h*y. Calculate the greatest common factor of m and 40.
10
Let g = 14 - 3. Suppose -c + g = n + 3, 0 = 4*c - 12. Suppose 7 = -5*f + 32. Calculate the highest common factor of n and f.
5
Suppose -2*k + 4*x + 58 = 0, 6*x = 5*k + 2*x - 115. Let n = -8 + k. Suppose r = 5*r - 220. Calculate the greatest common divisor of r and n.
11
Let u(w) = w**2 - 3*w - 5. Let f be u(5). Let k = f - -13. Suppose 0 = 3*h - 6, 4*h = -5*j + 71 - 3. What is the greatest common factor of k and j?
6
Let p be (54/(-63))/(2/(-28)). Let l = -8 + p. Calculate the greatest common divisor of 12 and l.
4
Suppose -5*c + 20 + 35 = 0. Let z = 21 - c. Calculate the highest common factor of z and 25.
5
Suppose 5*n + 8 = f, 3*n = 5*f - 0*f - 18. Let u be 130/(-2*(-3)/f). Calculate the greatest common factor of 13 and u.
13
Suppose 3*j + 352 = 7*j. Calculate the greatest common divisor of 132 and j.
44
Let k(j) = -j**3 - 4*j**2 - 2*j - 9. Suppose 4*o = -23 - 1. Let p be k(o). What is the greatest common divisor of 15 and p?
15
Let s = 13 + 2. What is the highest common divisor of 120 and s?
15
Let o(k) = -13*k**2 + k. Let m be 1 - -2*(0 - 1). Let f be o(m). Let q = f - -25. What is the highest common factor of q and 11?
11
Let a(v) = -v - 1. Let i(y) = 6*y + 8. Let q(h) = -10*a(h) - 2*i(h). Let x be q(-7). What is the greatest common factor of x and 88?
8
Suppose 2*d + 3*m = 52, -d = 2*d - 4*m - 44. What is the greatest common factor of 30 and d?
10
Suppose -5*v - 3258 = -648. Let k = v - -776. Let r be 3/(6/k) + -1. What is the highest common factor of r and 14?
14
Suppose -3*y + i + 11 + 12 = 0, 0 = 4*y - 5*i - 27. Calculate the highest common factor of 4 and y.
4
Let h = 111 - 57. Suppose 0*l + 44 = 5*i - l, -3*i - 4*l + 31 = 0. Suppose 5*u = -4*q + 39, 5*q - 3*q - u = i. What is the highest common factor of h and q?
6
Let x(d) = 9*d + 9. Let o be x(4). Suppose -4*h = h + 20. Let f be h/((-24)/(-15))*-2. What is the greatest common divisor of f and o?
5
Let a(x) = x. Let k be a(4). Suppose m - 5 = k. Suppose -6*l + 36 = -5*l. What is the greatest common factor of m and l?
9
Suppose -g = g + 18. Let l(s) = s**2 + 7*s - 11. Let q be l(g). What is the highest common factor of 21 and q?
7
Suppose -5*c + 68 = 8. Let s(r) = -23*r + 1. Let l be s(-1). Calculate the highest common divisor of l and c.
12
Let w be (-24)/18*(-9)/2. Let y = -6 + 7. Let b be y*(-3